 3*p - 2*p - k - 14 = 0. Suppose -3 = 3*l - p. Let z(x) = -x**3 + x**2 + 3. What is z(l)?
-15
Suppose 2*a = -4*a + 6. Let h(r) = -10 + 2 - a + r - 1. Determine h(5).
-5
Let s(g) = 5*g - 2*g + 4 - 4*g**2 - 2*g**2 + 5*g**2. Suppose 5*q - 24 = -4*d + d, 5*q + 5*d = 20. Calculate s(q).
-14
Let b(h) = -16*h**2 - 67*h - 8. Let f be b(-4). Let p(l) be the second derivative of 1/20*l**5 - 1/3*l**f - l - 3/2*l**2 + 1/6*l**3 + 0. Calculate p(4).
1
Let b = -3 - -5. Let d(q) = -q**2. Let t be -2*(3 - 11/2). Let u(i) = 6*i**2 + i + 2. Let n(a) = t*d(a) + u(a). What is n(b)?
8
Let g(c) = c**2 - 13*c + 2. Let j(q) = 2*q**2 + 4*q - 3. Let d = -88 - -90. Let f be j(d). Calculate g(f).
2
Let a(m) = -15 + m**3 + 19*m + 19 + 35 + 17*m**2 - 8. Give a(-16).
-17
Suppose 29*g - 26*g = 0. Suppose -25 = -5*a, g = d - a + 2 + 1. Let m(y) = -3*y**3 + y**2 + 2*y - 3. Determine m(d).
-19
Let w(v) be the first derivative of v**3/3 - v**2/2 - 3*v + 1. Let c(i) = -i**3 + 11*i**2 + 3. Let a = 35 + -24. Let z be c(a). Determine w(z).
3
Let x(d) = 23*d + 35*d + 36*d - 82*d. Determine x(-1).
-12
Let t = 681 - 694. Let u(m) = m - 11. Determine u(t).
-24
Let s(q) = -q**3 - 5*q**2 - 5*q - 6. Suppose -23 = -2*j + j + 2*w, 0 = 5*j + 4*w - 59. Suppose -j = 5*g + 5. Give s(g).
-2
Let n be 0 - (1 + 0 + -1). Let r(d) = -2 + 2*d + n + 0. Let a be 4 + 10/(8 - 18). Give r(a).
4
Let g(u) = -4 + 2 + u**3 - 4*u**2 - 7*u + 3. Give g(5).
-9
Let a(q) be the third derivative of -q**5/120 + 5*q**4/8 - 19*q**3/6 + 3*q**2. Let i(n) be the first derivative of a(n). Calculate i(12).
3
Let k be (-16 + 0)*(-18)/24. Suppose 0 = 2*z + k - 2. Let a(b) be the third derivative of b**5/60 + 7*b**4/24 + 7*b**3/6 - b**2. Calculate a(z).
-3
Let z(p) = 25*p**2 + 2*p + 8. Let o(q) = -4*q**2 - 2. Let a(t) = -4*o(t) - z(t). Determine a(-2).
-32
Let j(u) = -u**2 - 12*u - 12. Let z be j(-9). Suppose -16 - z = -5*y - h, -5*y + 55 = -5*h. Let p(g) = -g + 1. Calculate p(y).
-6
Let n = 10 - -3. Suppose n + 3 = 4*m. Let v(x) be the third derivative of -x**6/120 + x**5/12 - 5*x**4/24 + x**3/6 - 18*x**2. Give v(m).
-3
Let i be 1 + 1/(-5) + 560/50. Let u(w) = w**2 - 12*w - 4. Give u(i).
-4
Let x(d) = -d**2. Let z(o) = -o**2 - 72. Let j be z(0). Let n be (-16)/j - 2/9. Suppose n = 4*f + 3 + 1. Determine x(f).
-1
Let y(d) = -d**2 - d. Let s(o) = -3*o**2 - 4*o - 28. Let m(c) = -s(c) + 4*y(c). Let w be m(6). Let z(i) = i**2 + 9*i + 4. Calculate z(w).
-4
Let q(y) = y**2 + y - 4. Let v = 28 - 9. Suppose 0 = 4*u - 3 + v. Calculate q(u).
8
Let l(p) = 8*p**2 + 8*p - 11. Let b be (-1)/3 - 102/18. Let j(a) = -7*a**2 - 7*a + 10. Let i(g) = b*l(g) - 7*j(g). Give i(-3).
2
Let k(p) = p + 21. Let d be k(-29). Suppose 4*q = 7 + 1. Let n(m) = 2 + 7*m - 4*m**2 - 6 + 5*m**q. What is n(d)?
4
Let j(a) = -a**3 - 3*a**2 + 4*a - 3. Let x(k) = -2*k**3 - 6*k**2 + 8*k - 5. Let f(t) = -11*j(t) + 6*x(t). Let m(d) = d - 16. Let v be m(12). Calculate f(v).
3
Let n be ((-2)/3)/((-22)/297). Suppose -n*j + 10 = 10. Let c(g) = g**3 + g**2 + g + 1. What is c(j)?
1
Let b(x) = -3*x**2. Let t be (1/(1 - -2))/((-13)/39). Give b(t).
-3
Let h(v) = -386 + v**2 + 25*v + 0*v**2 - 392 + 782. What is h(-25)?
4
Let w(b) = -b - 1. Let u(a) = a**3 + 5*a**2 - 12*a - 20. Let j be u(-6). Suppose 2*h = i + 4, i + 6*h - 3*h - j = 0. Give w(i).
-5
Let f(t) = 2 - 4*t**2 - 2*t**2 + 5*t**2. Suppose 5*j - 1 = 9. Let r be j - 2 - (-12)/(-4). Calculate f(r).
-7
Let s(h) = 3*h**2 + h + 4. Let w(t) = -5*t**2 - t - 9. Let v(i) = 7*s(i) + 4*w(i). Let c be v(-5). Let j(m) = 5*m**c - m**2 - 3 + 7 - 5*m**2. Calculate j(3).
-5
Let g(i) = -5*i**2 - 4*i**2 + 13*i + 22 + 10*i**2 - 7*i + 11*i. Give g(-16).
6
Suppose 6*r + 57 = r + o, 3*o = -r - 21. Let t be 8/r + (-32)/6 - -3. Let k(f) = f**3 - 2*f + 1. What is k(t)?
-20
Let k(n) = 7 - 1 - 7 - 3 - 5 - n. Let g be (-58)/(-6) - (-2)/(-3). Determine k(g).
-18
Let x = 3 + -2. Let k(s) be the third derivative of s**7/280 - s**4/24 - s**3/2 - 3*s**2. Let z(t) be the first derivative of k(t). Give z(x).
2
Let f(o) = -o**3 - o**2 + o - 12. Suppose 233*j - 245*j = 0. Calculate f(j).
-12
Let c(o) be the first derivative of 11*o**4/12 - o**3/6 - 19*o - 12. Let h(g) be the first derivative of c(g). What is h(1)?
10
Suppose 5*v - 228 = 72. Let o be v/(-24)*24/(-10). Let a(b) = 4 + b**2 + 5*b + o*b - 5*b. Give a(-6).
4
Suppose 5 = -b + 7. Let h(t) = 376*t - 367*t - 6 + 4. Give h(b).
16
Let u(l) be the third derivative of l**6/120 - 2*l**5/15 - 7*l**4/24 - 5*l**3/6 + 345*l**2 - 1. Calculate u(9).
13
Suppose -u + 0*u + 3 = 0, -4*u = -5*m - 17. Let g(r) = -11*r. Calculate g(m).
11
Let t(r) be the second derivative of -r**4/12 + r**3/3 - 3*r**2/2 + 5*r. Let c(h) be the first derivative of t(h). Determine c(3).
-4
Let h(g) be the first derivative of -g**3/3 + g**2/2 - 3*g - 2. Suppose 4 + 11 = 5*a - 2*d, -a = d - 3. Suppose 0 = -0*p + a*p. Give h(p).
-3
Let u be (0/3)/(-3) - 0. Let f(v) be the second derivative of -v**5/20 - v**4/12 - v**3/6 + 4*v**2 + 87*v + 3. Determine f(u).
8
Let d(g) = 3*g - 5. Let b(n) = n**3 + 13*n**2 + 27*n + 2. Let t be b(-2). Calculate d(t).
-29
Let y = 1 - -3. Suppose 0 = -y*n + 6 + 2. Suppose 5*a = -22 + n. Let x(r) = -r**2 - 5*r - 6. Determine x(a).
-2
Suppose 4*n - 2*t = 3*t - 8, -5*t = -20. Let l(u) = -n*u - 4 - u + 3*u - 1. Suppose 4 + 10 = -2*a. Determine l(a).
2
Let k = -3 - -5. Suppose 3*r = -i + 2*i + 8, 2*r = 4*i + k. Let o be (r/2)/(7/14). Let b(m) = -m**3 + 3*m**2 + 4*m + 1. Give b(o).
13
Let o(q) = -15*q**3 - q**2 + q - 1. Let s be (6/8 - 45/(-36)) + -1. What is o(s)?
-16
Let u(h) be the third derivative of h**5/15 - h**3/6 - 29*h**2 - 4*h. Calculate u(1).
3
Let y(k) be the first derivative of -k + k**2 + 2 + 1/3*k**3. Suppose -2*f + 6 = 4*t, 5*f - 2*t = -0*t - 21. Give y(f).
2
Let b(y) = -y - 11. Let g be b(-14). Suppose 7 = g*o - 8, i + 2*o = 14. Let j(h) be the second derivative of -h**3/6 + h**2 + 15*h. Calculate j(i).
-2
Let w be 25 + 0/4 - 5. Let r(x) = w*x + 12 - 6*x - 2*x - 11*x. Let u = 1 - 1. Calculate r(u).
12
Suppose 0*r + 2 = r. Let f(y) = -2*y**2 + 1 - 2*y - y**r + 1. Give f(-3).
-19
Suppose -3*r = -2*p - 17, 1 = -4*r + 3*r - p. Suppose -2*j + 1 = -3. Let w(f) = 2 - 3*f**2 + 2*f**j + 2*f**2 + 2*f - 6*f. Determine w(r).
-1
Let c(f) = -f**3 + 5*f**2 + f. Let m be c(5). Let z(v) be the second derivative of -v**4/12 + v**3/6 + 7*v**2/2 - 1307*v. Calculate z(m).
-13
Let d(q) = -9*q - 4. Let z be d(-1). Suppose -3*y + x - 18 = 0, -2*y - z*x - 11 - 1 = 0. Let r(l) = -l**2 - 6*l + 3. Give r(y).
3
Let g = -11 + 87. Let x = -75 + g. Let z(v) = -v**2 - v. Give z(x).
-2
Let y(f) = -f**3 - 7*f**2 - 11*f + 9. Let o be y(-4). Let j(n) = -6*n + 26. What is j(o)?
-4
Let c(o) = o**3 - 3*o**2 - o + 2. Suppose -2*h - 3 = -3*h. Suppose -h*p = -6*p + 12. Give c(p).
14
Let c = 350 + -363. Let p(l) = -l**2 - 10*l + 14. Calculate p(c).
-25
Let x(b) = 0*b + 2*b - b + 8. Let d = -31 - -38. Suppose -6*c + d = 37. Determine x(c).
3
Suppose -10 + 1 = 2*p + 5*s, 0 = -4*p + 3*s - 5. Let r(h) = 42 - 117 - 2*h**2 + 41 + 33. Give r(p).
-9
Let q(n) = n**3 + 6*n**2 - 3*n + 10. Suppose -21 = 3*k + 5*y, 5*k + 19*y = 23*y - 35. What is q(k)?
-18
Let g(p) = -18*p**2 + p + 5. Let q(c) = -18*c**2 + c + 4. Let f(x) = -3*g(x) + 4*q(x). Let t be (-30)/25 - (-2)/10. Calculate f(t).
-18
Suppose 115*u = 111*u + 8. Let l(d) = 4*d**2 + 2*d - 3. Determine l(u).
17
Suppose 3*f - 8 = 11*f. Let s be f/(-4) + -3 + (-45)/(-12). Let m(b) = 6*b**3 - b**2 + b - 1. Determine m(s).
5
Let u(m) = m - 1. Let r(s) = 6*s - 4. Let n(l) = 7*l - 5. Let w(j) = 3*n(j) - 4*r(j). Let v(t) = -5*u(t) - 2*w(t). Let g be 2*(-3)/(-2)*-1. Give v(g).
0
Let x be (3 - 0)*(-2)/(-2). Suppose 0*j + 5*j = 4*i + 19, 4*j = -i + 11. Let q(r) = 22 - 3*r**2 + 5*r**j - r - 4*r**3 - 18. Calculate q(x).
1
Let r(m) be the third derivative of 1/60*m**5 + m**3 + 1/3*m**4 + 0*m - m**2 + 0. Suppose 4*f + 135*z = 133*z - 32, -5*f - 38 = 2*z. What is r(f)?
-6
Let t(u) be the second derivative of -u**3/2 - 3*u**2 - 43*u. Give t(0).
-6
Let l(z) = -z**2 - 23*z - 47. Let i be l(-21). Let p(t) be the first derivative of t**4/4 + 5*t**3/3 + t**2/2 + 7*t - 1. Determine p(i).
2
Suppose 2*k + k = 6. Let u(n) be the second derivative of 3*n - 1/6*n**4 - n**2 + 0 + 2/3*n**3 + 1/20*n**5. Calculate u(k).
6
Let f(m) be the s